ivative of l**4/4 - 2*l**2 + 2*l + 66. Let h be 13/3 - 24/18. Give v(h).
17
Let o(k) = -5*k**3 - 6*k**2 - 4*k - 2. Let q(x) = x**3 + 1. Let l(u) = o(u) + 4*q(u). Suppose -2*i + a - 7 = 0, a + 21 = -3*i - a. Give l(i).
-3
Suppose 4*l - 12 = 0, -4*q + 7*q - 27 = -2*l. Let s(w) be the third derivative of w**5/60 - 7*w**4/24 + w**3/3 - 23*w**2. What is s(q)?
2
Let g be 5/(-35)*((-125)/15 + 6). Let j(b) be the first derivative of 10 - 5/2*b**2 + 4*b + g*b**3. Determine j(4).
0
Let p = 15358 - 15353. Let b(l) = -l**2 + 2*l - 4*l - 2 + 6*l. Calculate b(p).
-7
Let j be 1*((0 - 3) + 0). Let o(i) be the third derivative of i**6/120 + i**5/20 - i**4/24 - i**3/2 - 3*i**2 - 45. Determine o(j).
0
Let c(i) = -2*i - 8. Let r = 22 + -16. Suppose 3*p - 28 = 5*d, d - r = 5*p - 38. Let g = 0 - p. Give c(g).
4
Let j be ((2 - 0)/(-6))/((-4)/(-36)). Let x(l) be the third derivative of -l**4/24 + l**3/6 + 7*l**2. Determine x(j).
4
Let s = -1695 - -1698. Let v(z) = 2*z**2 - 2*z + 7. What is v(s)?
19
Let b(g) be the second derivative of 0*g**2 + 10*g + 0 + 7/12*g**4 + 0*g**3. What is b(-1)?
7
Let l = 3 + -2. Let b(u) be the second derivative of -u**6/40 - u**5/120 - 11*u**3/3 + 26*u. Let c(t) be the second derivative of b(t). What is c(l)?
-10
Let z(m) be the first derivative of -m**4/4 - m**3 + m**2/2 - 2*m + 2. Let d(c) = -21*c - 129. Let u be d(-6). What is z(u)?
-5
Let o = -89 - -91. Let v(s) = 9 - 1 + s**2 - s - o + 10*s. Determine v(-8).
-2
Let x(h) = -h**3 + 4*h**2 + 3*h - 3. Let r(s) = -47*s**2 - 5 - s + 48*s**2 + 4*s. Let b be r(-5). Let v be ((-6)/b)/((-18)/60). Give x(v).
9
Suppose 45*v = 40*v + 25. Suppose -3*g - v*g = -56. Let c(y) = -2 + 2*y**3 - y**3 + 0 + 7*y - 8*y**2. Calculate c(g).
-2
Let a(y) = y + 1 - 4 + 1 + 1. Let f(q) = -q**3 + 12*q**2 - 2*q + 25. Let v be f(12). Determine a(v).
0
Suppose 3*m + 10 = 4*m. Suppose h - 3*j = 12, j + 10 + m = 3*h. Let f(v) = h*v + 0 - 9*v + 1. What is f(-2)?
7
Let i(b) = -14*b**2 + 7*b + 1. Let r(c) = 4*c + 7. Let y be r(-6). Let w(t) = 5*t**2 - 2*t. Let u(k) = y*w(k) - 6*i(k). Give u(-4).
10
Let g be (-1*(-1)/2)/((-15)/240). Let l be (-10)/(-3) - g/12. Let y(p) = -3*p + 6. Give y(l).
-6
Suppose -50 = t - 45. Let s(r) = -5*r + r**3 + 8*r + 0 - 3 + 6*r**2. Determine s(t).
7
Let h = -14 - -20. Let p(r) = -1 - 23*r + 1 + 26*r. Determine p(h).
18
Let c(g) = g**2 + 6*g - 2. Let v(n) = 3*n**2 + 17*n - 6. Let h(o) = -8*c(o) + 3*v(o). Calculate h(-2).
-4
Suppose 12 = 5*l - 2*g, -5*l - g + 9 = -0*l. Let y(k) = -7*k - 6. Let b(z) be the first derivative of -3*z**2 - 5*z - 2. Let j(c) = 5*b(c) - 4*y(c). Give j(l).
-5
Let m(y) = y**2 - y - 3. Let w be m(3). Suppose 2*k = 6*k - 8. Suppose -5 = -k*a + 4*g - w, -g = 4*a + 23. Let n(o) = -o - 9. Calculate n(a).
-4
Let m be (-370)/60 - (-1)/6. Let w be (1 - 3)*15/m. Let b = w - 8. Let a(p) = p + 7. Give a(b).
4
Let c be (-20)/6 - (-10)/30. Let q(u) = -u**2 - 7*u - 2. Calculate q(c).
10
Suppose -84 + 64 = 10*m. Let p(y) = -6*y - 4. Let k(i) = i. Let v(g) = -5*k(g) - p(g). Calculate v(m).
2
Let d(j) be the first derivative of -j**4/4 - 17*j**3/3 - j**2 - 38*j + 527. Calculate d(-17).
-4
Suppose 0 = 9*q - 6*q - 24. Let g = 3 - q. Let a(p) be the first derivative of p**4/4 + 2*p**3 + 3*p**2 - p + 4. Calculate a(g).
-6
Let r(w) = w**3 - 2*w**2 - 2*w + 1. Let b(i) = i**3 - 11*i**2 - 25*i - 16. Let y be b(13). What is r(y)?
-38
Suppose -5*q - 17 = -27. Let h(c) = 2*c - 7*c + 4*c**q - 4 - 5*c**2. Determine h(-4).
0
Let m(q) = -2*q**2 - 14*q + 8. Let l be m(-7). Let k(h) = -16*h**2 - 2*h + 5. Let r(d) = -11*d**2 - d + 3. Let g(t) = l*r(t) - 5*k(t). What is g(1)?
-7
Let z(m) be the second derivative of -m**3/6 + 12*m**2 - 181*m + 1. What is z(20)?
4
Let f(g) = -g - g**3 + 3 + 2*g**2 - 2*g**2 + 2*g**2 - 1. Suppose -2*w - 6 = -2*h + 6*h, -2*w = 3*h + 7. Let o = w - -7. Determine f(o).
0
Let z = -19 + 22. Let y be (-2)/3*-3 + z. Let c(v) = -v**2 + 5*v - 3. Calculate c(y).
-3
Let y(s) = -4*s + 997*s**2 + 4 - 1001*s**2 + 0*s**3 - 3*s**3 + 4*s**3. Calculate y(3).
-17
Let r be 4*(-3)/(-30)*15. Suppose 6*u = 4*u - r. Let j(g) = g**2 + 1. Determine j(u).
10
Let v = 6 - -6. Suppose -2*m = m - v. Let n be -1*m*(-1)/2. Let k(z) = z**3 - 2*z**2 - 2*z + 1. Give k(n).
-3
Let p(y) = y**2 - 5*y - 7. Suppose 2 = 5*m - 7*m. Let s be 11 + -12 + (m - -9). Let h be (6/(-7))/(s/(-49)). Calculate p(h).
-1
Let u(c) be the second derivative of 5*c**3/6 + c**2/2 + 3*c. Let s(n) = n**3 + 2*n**2 + 2*n + 3. Let q be s(-2). Let b be q/(10/(-4) - -3). Calculate u(b).
-9
Suppose -29*l + 24*l = -5*b, -6 = 5*b + l. Let q(x) = 15*x**3 + 2*x**2 + 2*x + 1. Determine q(b).
-14
Let s(v) = 57 - 2*v**2 - v**3 + 0*v**2 - 6*v**2 - 59 - 3*v. Give s(-8).
22
Let f(z) = z**2 + z + 4. Let p be 1 - -1 - (-10 - 87). Let a = p - 99. Calculate f(a).
4
Suppose -4*c = -c - 3. Let q(d) be the first derivative of -4 - 210*d - 3*d**2 + 210*d. Calculate q(c).
-6
Let d(y) = -y**2 + y + 1. Let w be d(3). Let b be 4/(54/(-72)*(-16)/18). Let p(u) = 5 - u**3 + 7*u**3 - 6*u - b*u**2 + 3*u**3 - 10*u**3. Give p(w).
10
Let u(f) be the third derivative of 0 + 0*f + 0*f**4 + 1/60*f**5 + 0*f**3 + 7*f**2. What is u(1)?
1
Let l(b) = b**2 - 181*b**3 + 80*b**3 - 2*b + 102*b**3. Suppose -2*s - j = -8, 5*s - j = 1 + 5. Calculate l(s).
8
Let o(b) = b**3 - 7*b**2 + 5*b + 3. Suppose f - 18 = -3*c, 3*c - 20 = -3*f - 2. Give o(c).
-3
Let v(d) = -d - 3. Let o be v(-7). Let k be 0/(2/(-2 + 0)). Suppose 0*x - 4*x + 4*g - 4 = k, -2*g = -x - o. Let n(m) = m**3 - m**2 - 2*m - 1. Give n(x).
-1
Let t(p) = p**2 + 3*p - 5. Let a(x) = -2*x + 16. Let q be a(0). Suppose -3*z = -7*z - q. Calculate t(z).
-1
Let m be (-2)/(-8)*(-14868)/(-177). Let b(d) = d - 13. Determine b(m).
8
Let t(z) = z**2 + z + 1. Let r be -4*(-7)/((-14)/(-6)). Let v(p) = p**3 - 13*p**2 + 11*p + 10. Let m be v(r). Calculate t(m).
3
Let j be (3/(-2))/(9/(-12)). Let r be 1*(-2)/(6/(-9)). Let n(t) = 3*t**2 - 2*t**2 - 1 + 2*t**r - 7*t**3 + t**j. Give n(1).
-4
Let s(h) = h**3 + 6*h**2 - 7*h - 4. Let t be s(-7). Let z(q) be the first derivative of -1/4*q**4 - 23 + q + 0*q**2 - 4/3*q**3. What is z(t)?
1
Suppose -18 = -2*a + 4*a. Let t(w) be the first derivative of w**2/2 + 13*w - 6253. What is t(a)?
4
Let n = -1708 + 1706. Let p(l) = 7*l**2 + 2*l**3 + 3*l - 3*l**2 - l. Calculate p(n).
-4
Suppose 2*r = -5 + 15. Suppose 0 = 2*b - r*j + 17, -j - 5 + 0 = b. Let h(f) = f - 1. Calculate h(b).
-7
Suppose -2*n = -4, 2*n - 24 = 5*h + 5*n. Let d(f) = -2*f - 4. Let k(c) = 3*c + 4. Let m(l) = 4*d(l) + 3*k(l). Calculate m(h).
-10
Let i = -6 - -5. Let m be (i/(-1))/(3 + -2). Let s(w) = -11 - 13*w - 1 + 6 + 5. Determine s(m).
-14
Let d(m) = 7*m**3 - 4*m**2 - m + 13. Let c(l) = 10*l**3 - 5*l**2 - l + 20. Let u(x) = -5*c(x) + 7*d(x). Calculate u(-3).
-3
Let f(l) = 2*l + 3. Let i(n) be the third derivative of n**4/6 + 2*n**3/3 + 6*n**2. Let v be i(6). Suppose -4*o - v = 3*u - u, 0 = -u + 3*o + 11. What is f(u)?
-5
Let g(q) = 19 + 3*q + 7 + 2*q - 11. What is g(-4)?
-5
Let u be 48/(-168) - (-2)/7. Let m be (9/(-9))/(1 - u). Let a(z) = -7*z. Determine a(m).
7
Let m(n) be the third derivative of -n**7/5040 - 7*n**5/60 + 10*n**2. Let a(w) be the third derivative of m(w). Let i = -1 - -6. What is a(i)?
-5
Let c(s) = 12*s - 13*s - 9*s - 6*s. What is c(-1)?
16
Let s(r) = r**3 - 11*r**2 + 11*r + 10. Let c(o) = -o**3 - 5*o**2 - 24*o - 44. Let q be c(-3). Calculate s(q).
20
Suppose -5*h - 29 = -104. Let b(a) = a**3 - 14*a**2 - 18*a + 10. What is b(h)?
-35
Let u(i) = -314*i + 621*i - 5 - 309*i. Calculate u(-8).
11
Let w(g) = g**3 + 10*g**2 + 12*g + 1. Let h be w(-8). Let c = -40 + h. Let z(u) = -2*u. Determine z(c).
14
Let u(v) = -13*v + 9. Let j be u(3). Let k = j - -35. Let o(y) = -y**3 + 5*y**2 - 2. Calculate o(k).
-2
Suppose 3*r - 2*a = 1, -3*r - a - 1 + 14 = 0. Suppose 28 = r*q + 22. Let j(m) = m**2 - 2. Calculate j(q).
2
Let r(i) = -13*i - 1 - 96 + 1 + 21. Determine r(-6).
3
Let w(y) = -3*y + 3*y + 285*y**2 - 286*y**2 + 5*y + 13. Calculate w(7).
-1
Let v(p) = -11*p - 6. Let x be 1 - 1 - (16 + -11). Give v(x).
49
Let r(i) = 7*i - 6. Let h(x) = -3*x - 205 + 0*x + 208. Let o(l) = -5*h(l) - 2*r(l). Give o(5).
2
Let m(p) = p**2 + 7*p - 2. Let k be ((-26)/(-6))/((-7)/21). Let i be (1 + (-4)/(-6))/(k/39). What is m(i)?
-12
Suppose 2*t - 22 = x - 3